{"id":19276,"date":"2023-04-15T09:32:58","date_gmt":"2023-04-15T08:32:58","guid":{"rendered":"https:\/\/graswurzle.ch\/?post_type=tribe_events&#038;p=19276"},"modified":"2023-04-15T09:33:48","modified_gmt":"2023-04-15T08:33:48","slug":"vernetzungstreffen-zuercher-oberland","status":"publish","type":"tribe_events","link":"https:\/\/graswurzle.ch\/it\/kalender-detail\/vernetzungstreffen-zuercher-oberland\/","title":{"rendered":"Vernetzungstreffen Z\u00fcrcher Oberland"},"content":{"rendered":"<p style=\"font-weight: 400;\"><strong>Samstag den 3. Juni 14.00 bis 18.00Uhr <\/strong>Anschliessend gem\u00fctliches Nachtessen<\/p>\n<p style=\"font-weight: 400;\"><strong>Im Saal des Restaurant &#8218;Turandot&#8216; Uster<\/strong> (<a href=\"http:\/\/www.turandot.ch\/\">www.turandot.ch<\/a> \/ Aathalstr.5 \/ Bus Nr. 845,Haltest. Florastrasse)<\/p>\n<p style=\"font-weight: 400;\">Ziel: <strong>Regionale Lokal- und Interessengruppen vernetzen<\/strong><\/p>\n<p style=\"font-weight: 400;\">Angesprochen sind die Regionen: <strong>Bauma, Bubikon, D\u00fcrnten, R\u00fcti, Uster<\/strong>, <strong>Wetzikon<\/strong>, <strong>Wald und Zell.\u00a0\u00a0\u00a0\u00a0\u00a0\u00a0\u00a0\u00a0\u00a0\u00a0\u00a0\u00a0\u00a0\u00a0\u00a0\u00a0 <\/strong>Es sind nicht alle die da wohnen auch in einer Gruppe angeschlossen. Ihr d\u00fcrft diese Informationen gerne teilen.<\/p>\n<p style=\"font-weight: 400;\">Weisst du seit drei Jahren nicht mehr mit welchen Menschen du einfach ungezwungen sein kannst? M\u00f6chtest du dich mal wieder inspirieren lassen?<\/p>\n<p style=\"font-weight: 400;\">Bist du aktiv in der Bildung, Kultur, Gesundheit, Landwirtschaft, G\u00e4rtnern, Energie, Alternative Zahlungsmittel etc., so kannst du dich hier austauschen und mit anderen verbinden. Wenn du daran interessiert bist, was l\u00e4uft und noch nicht wei\u00dft, wo du dich einbringen willst, findest du hier inspirierende Menschen. Wir sind gemeinsam unterwegs und vernetzen uns \u00fcber lokale Gruppen und Projekte hinweg, um neue Strukturen f\u00fcr unser Zusammenleben zu erschaffen.<\/p>\n<p style=\"font-weight: 400;\">Programm:<\/p>\n<p style=\"font-weight: 400;\">14.00 Uhr Einf\u00fchrung durch Ursula dalla Valle, Wurzelpflege<\/p>\n<p style=\"font-weight: 400;\">14.15 Uhr Kurze Vorstellungsrunde und Berichte aus den Themengruppen<\/p>\n<p style=\"font-weight: 400;\">Kreative Inputs aus der Gruppe<\/p>\n<p style=\"font-weight: 400;\">Paus<\/p>\n<p style=\"font-weight: 400;\">16.00 Uhr freier Austausch untereinander<\/p>\n<p style=\"font-weight: 400;\">17.30 Uhr Schlussrunde, Ideen und W\u00fcnsche f\u00fcr zuk\u00fcnftige Treffen<\/p>\n<p style=\"font-weight: 400;\">18.00 Uhr Schluss und gemeinsames Abendessen<\/p>\n<p style=\"font-weight: 400;\"><strong>\u00a0\u00a0\u00a0\u00a0\u00a0\u00a0\u00a0\u00a0\u00a0\u00a0\u00a0\u00a0\u00a0\u00a0\u00a0\u00a0\u00a0\u00a0\u00a0\u00a0\u00a0\u00a0\u00a0\u00a0\u00a0\u00a0\u00a0\u00a0\u00a0\u00a0\u00a0\u00a0\u00a0\u00a0\u00a0\u00a0\u00a0\u00a0\u00a0\u00a0\u00a0\u00a0\u00a0\u00a0\u00a0 <\/strong><\/p>\n<p style=\"font-weight: 400;\"><strong>Anstelle von Saalmiete ben\u00f6tigen wir eine gewisse Summe an Konsumation<\/strong> (Essen und Getr\u00e4nk)<\/p>\n<p style=\"font-weight: 400;\">Gebt bei der Anmeldung bitte folgendes an:<\/p>\n<ul>\n<li>Ich\/wir komme(n) gerne an das Treffen<\/li>\n<li>Ich\/wir bleibe(n) gerne zum gem\u00fctlichen Nachtessen<\/li>\n<\/ul>\n<p style=\"font-weight: 400;\"><strong>Anmeldung bitte bis 10. Mai an Maja Schumacher<\/strong><\/p>\n<p style=\"font-weight: 400;\"><strong>Mail<\/strong>: <a href=\"mailto:schumacher.maja@gmail.com\">schumacher.maja@gmail.com<\/a><\/p>\n<p style=\"font-weight: 400;\">Es w\u00fcrde uns sehr freuen, dich zu sehen.<\/p>\n<p style=\"font-weight: 400;\">Ursula und Maja<\/p>\n","protected":false},"excerpt":{"rendered":"<p>Samstag den 3. Juni 14.00 bis 18.00Uhr Anschliessend gem\u00fctliches Nachtessen Im Saal des Restaurant &#8218;Turandot&#8216; Uster (www.turandot.ch \/ Aathalstr.5 \/ Bus Nr. 845,Haltest. Florastrasse) Ziel: Regionale Lokal- und Interessengruppen vernetzen Angesprochen sind die Regionen: Bauma, Bubikon, D\u00fcrnten, R\u00fcti, Uster, Wetzikon, &hellip;<\/p>\n<p class=\"read-more\"> <a class=\"more-link\" href=\"https:\/\/graswurzle.ch\/it\/kalender-detail\/vernetzungstreffen-zuercher-oberland\/\"> <span class=\"screen-reader-text\">Vernetzungstreffen Z\u00fcrcher Oberland<\/span> Leggi tutto &raquo;<\/a><\/p>\n","protected":false},"author":15,"featured_media":0,"template":"","meta":{"_tribe_events_status":"","_tribe_events_status_reason":"","footnotes":""},"tags":[],"tribe_events_cat":[],"class_list":["post-19276","tribe_events","type-tribe_events","status-publish","hentry"],"acf":[],"yoast_head":"<!-- This site is optimized with the Yoast SEO plugin v24.9 - https:\/\/yoast.com\/wordpress\/plugins\/seo\/ -->\n<title>Vernetzungstreffen Z\u00fcrcher Oberland - Graswurzle<\/title>\n<meta name=\"robots\" content=\"index, follow, max-snippet:-1, max-image-preview:large, max-video-preview:-1\" \/>\n<link rel=\"canonical\" href=\"https:\/\/graswurzle.ch\/it\/kalender-detail\/vernetzungstreffen-zuercher-oberland\/\" \/>\n<meta property=\"og:locale\" content=\"it_IT\" \/>\n<meta property=\"og:type\" content=\"article\" \/>\n<meta property=\"og:title\" content=\"Vernetzungstreffen Z\u00fcrcher Oberland - Graswurzle\" \/>\n<meta property=\"og:description\" content=\"Samstag den 3. Juni 14.00 bis 18.00Uhr Anschliessend gem\u00fctliches Nachtessen Im Saal des Restaurant &#8218;Turandot&#8216; Uster (www.turandot.ch \/ Aathalstr.5 \/ Bus Nr. 845,Haltest. Florastrasse) Ziel: Regionale Lokal- und Interessengruppen vernetzen Angesprochen sind die Regionen: Bauma, Bubikon, D\u00fcrnten, R\u00fcti, Uster, Wetzikon, &hellip; Vernetzungstreffen Z\u00fcrcher Oberland Leggi tutto &raquo;\" \/>\n<meta property=\"og:url\" content=\"https:\/\/graswurzle.ch\/it\/kalender-detail\/vernetzungstreffen-zuercher-oberland\/\" \/>\n<meta property=\"og:site_name\" content=\"Graswurzle\" \/>\n<meta property=\"article:modified_time\" content=\"2023-04-15T08:33:48+00:00\" \/>\n<meta property=\"og:image\" content=\"https:\/\/graswurzle.ch\/wp-content\/uploads\/2021\/06\/wurzel_ladybug-e1636687602898.png\" \/>\n\t<meta property=\"og:image:width\" content=\"500\" \/>\n\t<meta property=\"og:image:height\" content=\"584\" \/>\n\t<meta property=\"og:image:type\" content=\"image\/png\" \/>\n<meta name=\"twitter:card\" content=\"summary_large_image\" \/>\n<meta name=\"twitter:label1\" content=\"Tempo di lettura stimato\" \/>\n\t<meta name=\"twitter:data1\" content=\"2 minuti\" \/>\n<script type=\"application\/ld+json\" class=\"yoast-schema-graph\">{\"@context\":\"https:\/\/schema.org\",\"@graph\":[{\"@type\":\"WebPage\",\"@id\":\"https:\/\/graswurzle.ch\/kalender-detail\/vernetzungstreffen-zuercher-oberland\/\",\"url\":\"https:\/\/graswurzle.ch\/kalender-detail\/vernetzungstreffen-zuercher-oberland\/\",\"name\":\"Vernetzungstreffen Z\u00fcrcher Oberland - Graswurzle\",\"isPartOf\":{\"@id\":\"https:\/\/graswurzle.ch\/#website\"},\"datePublished\":\"2023-04-15T08:32:58+00:00\",\"dateModified\":\"2023-04-15T08:33:48+00:00\",\"breadcrumb\":{\"@id\":\"https:\/\/graswurzle.ch\/kalender-detail\/vernetzungstreffen-zuercher-oberland\/#breadcrumb\"},\"inLanguage\":\"it-IT\",\"potentialAction\":[{\"@type\":\"ReadAction\",\"target\":[\"https:\/\/graswurzle.ch\/kalender-detail\/vernetzungstreffen-zuercher-oberland\/\"]}]},{\"@type\":\"BreadcrumbList\",\"@id\":\"https:\/\/graswurzle.ch\/kalender-detail\/vernetzungstreffen-zuercher-oberland\/#breadcrumb\",\"itemListElement\":[{\"@type\":\"ListItem\",\"position\":1,\"name\":\"Home\",\"item\":\"https:\/\/graswurzle.ch\/\"},{\"@type\":\"ListItem\",\"position\":2,\"name\":\"Vernetzungstreffen Z\u00fcrcher Oberland\"}]},{\"@type\":\"WebSite\",\"@id\":\"https:\/\/graswurzle.ch\/#website\",\"url\":\"https:\/\/graswurzle.ch\/\",\"name\":\"Graswurzle\",\"description\":\"Begegnung -Beziehung -Boden f\u00fcr Neues!\",\"publisher\":{\"@id\":\"https:\/\/graswurzle.ch\/#organization\"},\"potentialAction\":[{\"@type\":\"SearchAction\",\"target\":{\"@type\":\"EntryPoint\",\"urlTemplate\":\"https:\/\/graswurzle.ch\/?s={search_term_string}\"},\"query-input\":{\"@type\":\"PropertyValueSpecification\",\"valueRequired\":true,\"valueName\":\"search_term_string\"}}],\"inLanguage\":\"it-IT\"},{\"@type\":\"Organization\",\"@id\":\"https:\/\/graswurzle.ch\/#organization\",\"name\":\"Graswurzle\",\"url\":\"https:\/\/graswurzle.ch\/\",\"logo\":{\"@type\":\"ImageObject\",\"inLanguage\":\"it-IT\",\"@id\":\"https:\/\/graswurzle.ch\/#\/schema\/logo\/image\/\",\"url\":\"https:\/\/graswurzle.ch\/wp-content\/uploads\/2024\/07\/cropped-gw_logo_neue_schrift.png\",\"contentUrl\":\"https:\/\/graswurzle.ch\/wp-content\/uploads\/2024\/07\/cropped-gw_logo_neue_schrift.png\",\"width\":1000,\"height\":373,\"caption\":\"Graswurzle\"},\"image\":{\"@id\":\"https:\/\/graswurzle.ch\/#\/schema\/logo\/image\/\"}}]}<\/script>\n<!-- \/ Yoast SEO plugin. -->","yoast_head_json":{"title":"Vernetzungstreffen Z\u00fcrcher Oberland - Graswurzle","robots":{"index":"index","follow":"follow","max-snippet":"max-snippet:-1","max-image-preview":"max-image-preview:large","max-video-preview":"max-video-preview:-1"},"canonical":"https:\/\/graswurzle.ch\/it\/kalender-detail\/vernetzungstreffen-zuercher-oberland\/","og_locale":"it_IT","og_type":"article","og_title":"Vernetzungstreffen Z\u00fcrcher Oberland - Graswurzle","og_description":"Samstag den 3. Juni 14.00 bis 18.00Uhr Anschliessend gem\u00fctliches Nachtessen Im Saal des Restaurant &#8218;Turandot&#8216; Uster (www.turandot.ch \/ Aathalstr.5 \/ Bus Nr. 845,Haltest. Florastrasse) Ziel: Regionale Lokal- und Interessengruppen vernetzen Angesprochen sind die Regionen: Bauma, Bubikon, D\u00fcrnten, R\u00fcti, Uster, Wetzikon, &hellip; Vernetzungstreffen Z\u00fcrcher Oberland Leggi tutto &raquo;","og_url":"https:\/\/graswurzle.ch\/it\/kalender-detail\/vernetzungstreffen-zuercher-oberland\/","og_site_name":"Graswurzle","article_modified_time":"2023-04-15T08:33:48+00:00","og_image":[{"width":500,"height":584,"url":"https:\/\/graswurzle.ch\/wp-content\/uploads\/2021\/06\/wurzel_ladybug-e1636687602898.png","type":"image\/png"}],"twitter_card":"summary_large_image","twitter_misc":{"Tempo di lettura stimato":"2 minuti"},"schema":{"@context":"https:\/\/schema.org","@graph":[{"@type":"WebPage","@id":"https:\/\/graswurzle.ch\/kalender-detail\/vernetzungstreffen-zuercher-oberland\/","url":"https:\/\/graswurzle.ch\/kalender-detail\/vernetzungstreffen-zuercher-oberland\/","name":"Vernetzungstreffen Z\u00fcrcher Oberland - Graswurzle","isPartOf":{"@id":"https:\/\/graswurzle.ch\/#website"},"datePublished":"2023-04-15T08:32:58+00:00","dateModified":"2023-04-15T08:33:48+00:00","breadcrumb":{"@id":"https:\/\/graswurzle.ch\/kalender-detail\/vernetzungstreffen-zuercher-oberland\/#breadcrumb"},"inLanguage":"it-IT","potentialAction":[{"@type":"ReadAction","target":["https:\/\/graswurzle.ch\/kalender-detail\/vernetzungstreffen-zuercher-oberland\/"]}]},{"@type":"BreadcrumbList","@id":"https:\/\/graswurzle.ch\/kalender-detail\/vernetzungstreffen-zuercher-oberland\/#breadcrumb","itemListElement":[{"@type":"ListItem","position":1,"name":"Home","item":"https:\/\/graswurzle.ch\/"},{"@type":"ListItem","position":2,"name":"Vernetzungstreffen Z\u00fcrcher Oberland"}]},{"@type":"WebSite","@id":"https:\/\/graswurzle.ch\/#website","url":"https:\/\/graswurzle.ch\/","name":"Graswurzle","description":"Begegnung -Beziehung -Boden f\u00fcr Neues!","publisher":{"@id":"https:\/\/graswurzle.ch\/#organization"},"potentialAction":[{"@type":"SearchAction","target":{"@type":"EntryPoint","urlTemplate":"https:\/\/graswurzle.ch\/?s={search_term_string}"},"query-input":{"@type":"PropertyValueSpecification","valueRequired":true,"valueName":"search_term_string"}}],"inLanguage":"it-IT"},{"@type":"Organization","@id":"https:\/\/graswurzle.ch\/#organization","name":"Graswurzle","url":"https:\/\/graswurzle.ch\/","logo":{"@type":"ImageObject","inLanguage":"it-IT","@id":"https:\/\/graswurzle.ch\/#\/schema\/logo\/image\/","url":"https:\/\/graswurzle.ch\/wp-content\/uploads\/2024\/07\/cropped-gw_logo_neue_schrift.png","contentUrl":"https:\/\/graswurzle.ch\/wp-content\/uploads\/2024\/07\/cropped-gw_logo_neue_schrift.png","width":1000,"height":373,"caption":"Graswurzle"},"image":{"@id":"https:\/\/graswurzle.ch\/#\/schema\/logo\/image\/"}}]}},"_links":{"self":[{"href":"https:\/\/graswurzle.ch\/it\/wp-json\/wp\/v2\/tribe_events\/19276","targetHints":{"allow":["GET"]}}],"collection":[{"href":"https:\/\/graswurzle.ch\/it\/wp-json\/wp\/v2\/tribe_events"}],"about":[{"href":"https:\/\/graswurzle.ch\/it\/wp-json\/wp\/v2\/types\/tribe_events"}],"author":[{"embeddable":true,"href":"https:\/\/graswurzle.ch\/it\/wp-json\/wp\/v2\/users\/15"}],"version-history":[{"count":2,"href":"https:\/\/graswurzle.ch\/it\/wp-json\/wp\/v2\/tribe_events\/19276\/revisions"}],"predecessor-version":[{"id":19279,"href":"https:\/\/graswurzle.ch\/it\/wp-json\/wp\/v2\/tribe_events\/19276\/revisions\/19279"}],"wp:attachment":[{"href":"https:\/\/graswurzle.ch\/it\/wp-json\/wp\/v2\/media?parent=19276"}],"wp:term":[{"taxonomy":"post_tag","embeddable":true,"href":"https:\/\/graswurzle.ch\/it\/wp-json\/wp\/v2\/tags?post=19276"},{"taxonomy":"tribe_events_cat","embeddable":true,"href":"https:\/\/graswurzle.ch\/it\/wp-json\/wp\/v2\/tribe_events_cat?post=19276"}],"curies":[{"name":"wp","href":"https:\/\/api.w.org\/{rel}","templated":true}]}}

Vernetzungstreffen Zürcher Oberland

<p style="font-weight: 400;"><strong>Samstag den 3. Juni 14.00 bis 18.00Uhr </strong>Anschliessend gemütliches Nachtessen</p>
<p style="font-weight: 400;"><strong>Im Saal des Restaurant &#8218;Turandot&#8216; Uster</strong> (<a href="http://www.turandot.ch/">www.turandot.ch</a> / Aathalstr.5 / Bus Nr. 845,Haltest. Florastrasse)</p>
<p style="font-weight: 400;">Ziel: <strong>Regionale Lokal- und Interessengruppen vernetzen</strong></p>
<p style="font-weight: 400;">Angesprochen sind die Regionen: <strong>Bauma, Bubikon, Dürnten, Rüti, Uster</strong>, <strong>Wetzikon</strong>, <strong>Wald und Zell.                 </strong>Es sind nicht alle die da wohnen auch in einer Gruppe angeschlossen. Ihr dürft diese Informationen gerne teilen.</p>
<p style="font-weight: 400;">Weisst du seit drei Jahren nicht mehr mit welchen Menschen du einfach ungezwungen sein kannst? Möchtest du dich mal wieder inspirieren lassen?</p>
<p style="font-weight: 400;">Bist du aktiv in der Bildung, Kultur, Gesundheit, Landwirtschaft, Gärtnern, Energie, Alternative Zahlungsmittel etc., so kannst du dich hier austauschen und mit anderen verbinden. Wenn du daran interessiert bist, was läuft und noch nicht weißt, wo du dich einbringen willst, findest du hier inspirierende Menschen. Wir sind gemeinsam unterwegs und vernetzen uns über lokale Gruppen und Projekte hinweg, um neue Strukturen für unser Zusammenleben zu erschaffen.</p>
<p style="font-weight: 400;">Programm:</p>
<p style="font-weight: 400;">14.00 Uhr Einführung durch Ursula dalla Valle, Wurzelpflege</p>
<p style="font-weight: 400;">14.15 Uhr Kurze Vorstellungsrunde und Berichte aus den Themengruppen</p>
<p style="font-weight: 400;">Kreative Inputs aus der Gruppe</p>
<p style="font-weight: 400;">Paus</p>
<p style="font-weight: 400;">16.00 Uhr freier Austausch untereinander</p>
<p style="font-weight: 400;">17.30 Uhr Schlussrunde, Ideen und Wünsche für zukünftige Treffen</p>
<p style="font-weight: 400;">18.00 Uhr Schluss und gemeinsames Abendessen</p>
<p style="font-weight: 400;"><strong>                                              </strong></p>
<p style="font-weight: 400;"><strong>Anstelle von Saalmiete benötigen wir eine gewisse Summe an Konsumation</strong> (Essen und Getränk)</p>
<p style="font-weight: 400;">Gebt bei der Anmeldung bitte folgendes an:</p>
<ul>
<li>Ich/wir komme(n) gerne an das Treffen</li>
<li>Ich/wir bleibe(n) gerne zum gemütlichen Nachtessen</li>
</ul>
<p style="font-weight: 400;"><strong>Anmeldung bitte bis 10. Mai an Maja Schumacher</strong></p>
<p style="font-weight: 400;"><strong>Mail</strong>: <a href="mailto:schumacher.maja@gmail.com">schumacher.maja@gmail.com</a></p>
<p style="font-weight: 400;">Es würde uns sehr freuen, dich zu sehen.</p>
<p style="font-weight: 400;">Ursula und Maja</p>

<p>Samstag den 3. Juni 14.00 bis 18.00Uhr Anschliessend gemütliches Nachtessen Im Saal des Restaurant &#8218;Turandot&#8216; Uster (www.turandot.ch / Aathalstr.5 / Bus Nr. 845,Haltest. Florastrasse) Ziel: Regionale Lokal- und Interessengruppen vernetzen Angesprochen sind die Regionen: Bauma, Bubikon, Dürnten, Rüti, Uster, Wetzikon, &hellip;</p>
<p class="read-more"> <a class="more-link" href="https://graswurzle.ch/it/kalender-detail/vernetzungstreffen-zuercher-oberland/"> <span class="screen-reader-text">Vernetzungstreffen Zürcher Oberland</span> Leggi tutto &raquo;</a></p>

<!-- This site is optimized with the Yoast SEO plugin v24.9 - https://yoast.com/wordpress/plugins/seo/ -->
<title>Vernetzungstreffen Zürcher Oberland - Graswurzle</title>
<meta name="robots" content="index, follow, max-snippet:-1, max-image-preview:large, max-video-preview:-1" />
<link rel="canonical" href="https://graswurzle.ch/it/kalender-detail/vernetzungstreffen-zuercher-oberland/" />
<meta property="og:locale" content="it_IT" />
<meta property="og:type" content="article" />
<meta property="og:title" content="Vernetzungstreffen Zürcher Oberland - Graswurzle" />
<meta property="og:description" content="Samstag den 3. Juni 14.00 bis 18.00Uhr Anschliessend gemütliches Nachtessen Im Saal des Restaurant &#8218;Turandot&#8216; Uster (www.turandot.ch / Aathalstr.5 / Bus Nr. 845,Haltest. Florastrasse) Ziel: Regionale Lokal- und Interessengruppen vernetzen Angesprochen sind die Regionen: Bauma, Bubikon, Dürnten, Rüti, Uster, Wetzikon, &hellip; Vernetzungstreffen Zürcher Oberland Leggi tutto &raquo;" />
<meta property="og:url" content="https://graswurzle.ch/it/kalender-detail/vernetzungstreffen-zuercher-oberland/" />
<meta property="og:site_name" content="Graswurzle" />
<meta property="article:modified_time" content="2023-04-15T08:33:48+00:00" />
<meta property="og:image" content="https://graswurzle.ch/wp-content/uploads/2021/06/wurzel_ladybug-e1636687602898.png" />
	<meta property="og:image:width" content="500" />
	<meta property="og:image:height" content="584" />
	<meta property="og:image:type" content="image/png" />
<meta name="twitter:card" content="summary_large_image" />
<meta name="twitter:label1" content="Tempo di lettura stimato" />
	<meta name="twitter:data1" content="2 minuti" />
<script type="application/ld+json" class="yoast-schema-graph">{"@context":"https://schema.org","@graph":[{"@type":"WebPage","@id":"https://graswurzle.ch/kalender-detail/vernetzungstreffen-zuercher-oberland/","url":"https://graswurzle.ch/kalender-detail/vernetzungstreffen-zuercher-oberland/","name":"Vernetzungstreffen Zürcher Oberland - Graswurzle","isPartOf":{"@id":"https://graswurzle.ch/#website"},"datePublished":"2023-04-15T08:32:58+00:00","dateModified":"2023-04-15T08:33:48+00:00","breadcrumb":{"@id":"https://graswurzle.ch/kalender-detail/vernetzungstreffen-zuercher-oberland/#breadcrumb"},"inLanguage":"it-IT","potentialAction":[{"@type":"ReadAction","target":["https://graswurzle.ch/kalender-detail/vernetzungstreffen-zuercher-oberland/"]}]},{"@type":"BreadcrumbList","@id":"https://graswurzle.ch/kalender-detail/vernetzungstreffen-zuercher-oberland/#breadcrumb","itemListElement":[{"@type":"ListItem","position":1,"name":"Home","item":"https://graswurzle.ch/"},{"@type":"ListItem","position":2,"name":"Vernetzungstreffen Zürcher Oberland"}]},{"@type":"WebSite","@id":"https://graswurzle.ch/#website","url":"https://graswurzle.ch/","name":"Graswurzle","description":"Begegnung -Beziehung -Boden für Neues!","publisher":{"@id":"https://graswurzle.ch/#organization"},"potentialAction":[{"@type":"SearchAction","target":{"@type":"EntryPoint","urlTemplate":"https://graswurzle.ch/?s={search_term_string}"},"query-input":{"@type":"PropertyValueSpecification","valueRequired":true,"valueName":"search_term_string"}}],"inLanguage":"it-IT"},{"@type":"Organization","@id":"https://graswurzle.ch/#organization","name":"Graswurzle","url":"https://graswurzle.ch/","logo":{"@type":"ImageObject","inLanguage":"it-IT","@id":"https://graswurzle.ch/#/schema/logo/image/","url":"https://graswurzle.ch/wp-content/uploads/2024/07/cropped-gw_logo_neue_schrift.png","contentUrl":"https://graswurzle.ch/wp-content/uploads/2024/07/cropped-gw_logo_neue_schrift.png","width":1000,"height":373,"caption":"Graswurzle"},"image":{"@id":"https://graswurzle.ch/#/schema/logo/image/"}}]}</script>
<!-- / Yoast SEO plugin. -->

Vernetzungstreffen Zürcher Oberland - Graswurzle

Samstag den 3. Juni 14.00 bis 18.00Uhr Anschliessend gemütliches Nachtessen Im Saal des Restaurant &#8218;Turandot&#8216; Uster (www.turandot.ch / Aathalstr.5 / Bus Nr. 845,Haltest. Florastrasse) Ziel: Regionale Lokal- und Interessengruppen vernetzen Angesprochen sind die Regionen: Bauma, Bubikon, Dürnten, Rüti, Uster, Wetzikon, &hellip; Vernetzungstreffen Zürcher Oberland Leggi tutto &raquo;

Begegnung -Beziehung -Boden für Neues!
